{"id":21,"date":"2016-11-03T15:19:27","date_gmt":"2016-11-03T15:19:27","guid":{"rendered":"https:\/\/logictrade.co\/web_2025\/?page_id=21"},"modified":"2026-03-15T22:54:47","modified_gmt":"2026-03-16T03:54:47","slug":"servicios","status":"publish","type":"page","link":"https:\/\/logictrade.co\/web_2025\/servicios\/","title":{"rendered":"Servicios"},"content":{"rendered":"<div class=\"wpb-content-wrapper\"><p>[vc_row full_width=\u00bbstretch_row\u00bb disable_element=\u00bbyes\u00bb css=\u00bb.vc_custom_1769782961359{background-color: #ffffff !important;}\u00bb][vc_column][vc_empty_space height=\u00bb6em\u00bb alter_height=\u00bbnone\u00bb hide_on_mobile=\u00bb\u00bb]<div  id=\"sc_services_1852786842\"            class=\"scheme_default sc_services sc_services_default  vc_custom_1741579396509\" data-slides-per-view=\"3\" data-interval=\"0\" data-slides-min-width=\"200\"\t\t>\n\t\t<h6 class=\"sc_item_subtitle sc_services_subtitle sc_align_default sc_item_title_style_default\">Bienvenidos!<\/h6><h2 class=\"sc_item_title sc_services_title sc_align_default sc_item_title_style_default\">Nuestras Ventajas<\/h2><div class=\"sc_services_columns sc_item_columns trx_addons_columns_wrap columns_padding_bottom\"><div class=\"trx_addons_column-1_3\"><div class=\"sc_services_item with_icon sc_services_item_featured_top\">\n\t<a href=\"https:\/\/logictrade.co\/web_2025\/services\/cargo-tracking\/\"\n\t\t\t id=\"sc_services_1852786842_icon-sphere\"\n\t\t\t class=\"sc_services_item_icon icon-sphere\"\n\t\t\t ><\/a>\t\n\t<div class=\"sc_services_item_info\">\n\t\t<div class=\"sc_services_item_header\">\n\t\t\t<h4 class=\"sc_services_item_title\"><a href=\"https:\/\/logictrade.co\/web_2025\/services\/cargo-tracking\/\">Exportaciones<\/a><\/h4>\n\t\t\t<!--<div class=\"sc_services_item_subtitle\"><a href=\"https:\/\/logictrade.co\/web_2025\/services_group\/our-advantages\/\" title=\"View all posts in Our Advantages\">Our Advantages<\/a><\/div> -->\n\t\t<\/div>\n\t\t\t\t\t<div class=\"sc_services_item_content\"><p>Como l\u00edder del mercado de transporte de mercanc\u00edas, ofrecemos servicios a la medida.<\/p>\n<\/div>\n\t\t\t\t\t\t<\/div>\n<\/div>\n<\/div><div class=\"trx_addons_column-1_3\"><div class=\"sc_services_item with_icon sc_services_item_featured_top\">\n\t<a href=\"https:\/\/logictrade.co\/web_2025\/services\/reliability-punctuality-2\/\"\n\t\t\t id=\"sc_services_1852786842_icon-3\"\n\t\t\t class=\"sc_services_item_icon icon-3\"\n\t\t\t ><\/a>\t\n\t<div class=\"sc_services_item_info\">\n\t\t<div class=\"sc_services_item_header\">\n\t\t\t<h4 class=\"sc_services_item_title\"><a href=\"https:\/\/logictrade.co\/web_2025\/services\/reliability-punctuality-2\/\">Fiabilidad y puntualidad<\/a><\/h4>\n\t\t\t<!--<div class=\"sc_services_item_subtitle\"><a href=\"https:\/\/logictrade.co\/web_2025\/services_group\/our-advantages\/\" title=\"View all posts in Our Advantages\">Our Advantages<\/a><\/div> -->\n\t\t<\/div>\n\t\t\t\t\t<div class=\"sc_services_item_content\"><p>Nuestra empresa de transporte tiene un enfoque consultivo y personalizado para la contrataci\u00f3n.<\/p>\n<\/div>\n\t\t\t\t\t\t<\/div>\n<\/div>\n<\/div><div class=\"trx_addons_column-1_3\"><div class=\"sc_services_item with_icon sc_services_item_featured_top\">\n\t<a href=\"https:\/\/logictrade.co\/web_2025\/services\/perfect-communication\/\"\n\t\t\t id=\"sc_services_1852786842_icon-2\"\n\t\t\t class=\"sc_services_item_icon icon-2\"\n\t\t\t ><\/a>\t\n\t<div class=\"sc_services_item_info\">\n\t\t<div class=\"sc_services_item_header\">\n\t\t\t<h4 class=\"sc_services_item_title\"><a href=\"https:\/\/logictrade.co\/web_2025\/services\/perfect-communication\/\">Perfecta Comunicaci\u00f3n<\/a><\/h4>\n\t\t\t<!--<div class=\"sc_services_item_subtitle\"><a href=\"https:\/\/logictrade.co\/web_2025\/services_group\/our-advantages\/\" title=\"View all posts in Our Advantages\">Our Advantages<\/a><\/div> -->\n\t\t<\/div>\n\t\t\t\t\t<div class=\"sc_services_item_content\"><p>Podemos ofrecerle una soluci\u00f3n de transporte de mercanc\u00edas personalizada y adaptada a sus necesidades.<\/p>\n<\/div>\n\t\t\t\t\t\t<\/div>\n<\/div>\n<\/div><\/div><\/div><!-- \/.sc_services -->[vc_empty_space height=\u00bb8em\u00bb alter_height=\u00bbnone\u00bb hide_on_mobile=\u00bb\u00bb][\/vc_column][\/vc_row][vc_row full_width=\u00bbstretch_row_content_no_spaces\u00bb][vc_column css_animation=\u00bbflipInX\u00bb width=\u00bb1\/4&#8243; css=\u00bb.vc_custom_1769574196975{padding-top: 10px !important;padding-right: 10px !important;padding-bottom: 10px !important;padding-left: 10px !important;background-color: #f4f4f4 !important;}\u00bb][vc_empty_space height=\u00bb7.45em\u00bb alter_height=\u00bbnone\u00bb hide_on_mobile=\u00bb\u00bb]<div id=\"sc_icons_1709650830\" \n\tclass=\"sc_icons sc_icons_default sc_icons_size_small sc_align_center  vc_custom_1769570228476\"><div class=\"sc_icons_item\"><div class=\"sc_icons_image\"><img decoding=\"async\" src=\"https:\/\/logictrade.co\/web_2025\/wp-content\/uploads\/2026\/01\/COMPRAS-2.png\" alt=\"\" width=\"56\" height=\"49\"><\/div><\/div><\/div><!-- \/.sc_icons -->[vc_column_text css=\u00bb.vc_custom_1769572628856{margin-bottom: 0.75em !important;}\u00bb]<\/p>\n<h6 style=\"text-align: center;\"><strong>COMPRAS Y VENTAS INTERNACIONALES<\/strong><\/h6>\n<p>[\/vc_column_text][vc_column_text css=\u00bb\u00bb]<\/p>\n<p style=\"text-align: center;\">Nuestro servicio de compras y ventas internacionales abarca todo el ciclo de comercio exterior, desde la identificaci\u00f3n de oportunidades de negocio hasta la entrega final de productos.<\/p>\n<p>[\/vc_column_text][\/vc_column][vc_column css_animation=\u00bbflipInX\u00bb width=\u00bb1\/4&#8243; css=\u00bb.vc_custom_1769574205309{padding-top: 10px !important;padding-right: 10px !important;padding-bottom: 10px !important;padding-left: 10px !important;background-color: #ffffff !important;}\u00bb][vc_empty_space height=\u00bb7.45em\u00bb alter_height=\u00bbnone\u00bb hide_on_mobile=\u00bb\u00bb]<div id=\"sc_icons_1701955984\" \n\tclass=\"sc_icons sc_icons_default sc_icons_size_small sc_align_center  vc_custom_1769569775565\"><div class=\"sc_icons_item\"><div class=\"sc_icons_image\"><img decoding=\"async\" src=\"https:\/\/logictrade.co\/web_2025\/wp-content\/uploads\/2026\/01\/ICONO-AVION.png\" alt=\"\" width=\"48\" height=\"42\"><\/div><\/div><\/div><!-- \/.sc_icons -->[vc_column_text css=\u00bb.vc_custom_1769572641296{margin-bottom: 0.75em !important;}\u00bb]<\/p>\n<h6 style=\"text-align: center;\"><strong>LOG\u00cdSTICA DE CARGA INTERNACIONAL<\/strong><\/h6>\n<p>[\/vc_column_text][vc_column_text css=\u00bb\u00bb]<\/p>\n<p style=\"text-align: center;\">En un mundo cada vez m\u00e1s interconectado, la log\u00edstica de carga internacional se ha convertido en un pilar fundamental para el \u00e9xito de las empresas que buscan expandir sus horizontes y competir en el mercado global.<\/p>\n<p>[\/vc_column_text][\/vc_column][vc_column css_animation=\u00bbflipInX\u00bb width=\u00bb1\/4&#8243; scheme=\u00bbdark\u00bb css=\u00bb.vc_custom_1769574217680{padding-top: 10px !important;padding-right: 10px !important;padding-bottom: 10px !important;padding-left: 10px !important;background-color: #f4f4f4 !important;}\u00bb][vc_empty_space height=\u00bb7.45em\u00bb alter_height=\u00bbnone\u00bb hide_on_mobile=\u00bb\u00bb]<div id=\"sc_icons_1393698020\" \n\tclass=\"sc_icons sc_icons_default sc_icons_size_small sc_align_center  vc_custom_1769570079062\"><div class=\"sc_icons_item\"><div class=\"sc_icons_image\"><img decoding=\"async\" src=\"https:\/\/logictrade.co\/web_2025\/wp-content\/uploads\/2026\/01\/ADUANA.png\" alt=\"\" width=\"36\" height=\"49\"><\/div><\/div><\/div><!-- \/.sc_icons -->[vc_column_text css=\u00bb.vc_custom_1769572646519{margin-bottom: 0.75em !important;}\u00bb]<\/p>\n<h6 style=\"text-align: center;\"><strong><span style=\"color: #333333;\">ADUANA DE EXPORTACI\u00d3N E IMPORTACI\u00d3N<\/span><\/strong><\/h6>\n<p>[\/vc_column_text][vc_column_text css=\u00bb\u00bb]<\/p>\n<p style=\"text-align: center;\"><span style=\"color: #333333;\">El servicio de aduana de exportaci\u00f3n e importaci\u00f3n abarca la gesti\u00f3n integral de los tr\u00e1mites necesarios para que tus productos puedan ser enviados o recibidos en otro pa\u00eds.<\/span><\/p>\n<p>[\/vc_column_text][\/vc_column][vc_column css_animation=\u00bbflipInX\u00bb width=\u00bb1\/4&#8243; css=\u00bb.vc_custom_1769574224487{background-color: #ffffff !important;}\u00bb][vc_empty_space height=\u00bb7.45em\u00bb alter_height=\u00bbnone\u00bb hide_on_mobile=\u00bb\u00bb]<div id=\"sc_icons_1131386264\" \n\tclass=\"sc_icons sc_icons_default sc_icons_size_small sc_align_center  vc_custom_1769570338121\"><div class=\"sc_icons_item\"><div class=\"sc_icons_image\"><img loading=\"lazy\" decoding=\"async\" src=\"https:\/\/logictrade.co\/web_2025\/wp-content\/uploads\/2026\/01\/ICONO-CAMION_2.png\" alt=\"\" width=\"72\" height=\"49\"><\/div><\/div><\/div><!-- \/.sc_icons -->[vc_column_text css=\u00bb.vc_custom_1769572652999{margin-bottom: 0.75em !important;}\u00bb]<\/p>\n<h6 style=\"text-align: center;\"><strong><span style=\"color: #333333;\">TRANSPORTE TERRESTRE NACIONAL E INTERNACIONAL<\/span><\/strong><\/h6>\n<p>[\/vc_column_text][vc_column_text css=\u00bb\u00bb]<\/p>\n<p style=\"text-align: center;\"><span style=\"color: #333333;\">\u00a0Entendemos que el transporte terrestre es un eslab\u00f3n fundamental <\/span><span style=\"color: #333333;\">en la cadena de suministro de tu negocio.<\/span><\/p>\n<p>[\/vc_column_text][\/vc_column][vc_column][\/vc_column][\/vc_row][vc_row][vc_column][vc_empty_space height=\u00bb10em\u00bb alter_height=\u00bbnone\u00bb hide_on_mobile=\u00bb1,2&#8243;][\/vc_column][\/vc_row][vc_row full_width=\u00bbstretch_row_content\u00bb css_animation=\u00bbslideInUp\u00bb css=\u00bb.vc_custom_1769634397249{background-color: #ffffff !important;}\u00bb][vc_column width=\u00bb1\/2&#8243; css=\u00bb.vc_custom_1769572609802{background-color: #ffffff !important;}\u00bb][vc_empty_space height=\u00bb4em\u00bb alter_height=\u00bbnone\u00bb hide_on_mobile=\u00bb1,2&#8243;][vc_column_text css=\u00bb\u00bb]<\/p>\n<h3 style=\"text-align: center;\">IMPORTACI\u00d3N PARA PROYECTOS ESPECIALES<\/h3>\n<p>[\/vc_column_text][vc_empty_space height=\u00bb2.2em\u00bb alter_height=\u00bbnone\u00bb hide_on_mobile=\u00bb1,2&#8243;][vc_column_text css=\u00bb\u00bb]<\/p>\n<h5 style=\"text-align: center;\">Entendemos que los proyectos especiales requieren una supervisi\u00f3n constante. Nuestro equipo experto se encarga de la planificaci\u00f3n detallada, los permisos aduaneros espec\u00edficos y el transporte especializado. Minimizamos el riesgo y optimizamos los costos para que sus proyectos de infraestructura o energ\u00eda nunca se detengan.<\/h5>\n<p>[\/vc_column_text][\/vc_column][vc_column width=\u00bb1\/2&#8243;][vc_single_image image=\u00bb1815&#8243; img_size=\u00bb1100X600&#8243; alignment=\u00bbcenter\u00bb css=\u00bb\u00bb][\/vc_column][\/vc_row][vc_row][vc_column][vc_empty_space height=\u00bb8em\u00bb alter_height=\u00bbnone\u00bb hide_on_mobile=\u00bb1,2&#8243;][\/vc_column][\/vc_row][vc_row disable_element=\u00bbyes\u00bb][vc_column][vc_empty_space height=\u00bb5em\u00bb alter_height=\u00bbnone\u00bb hide_on_mobile=\u00bb1,2&#8243;][\/vc_column][\/vc_row][vc_row full_width=\u00bbstretch_row_content_no_spaces\u00bb css_animation=\u00bbflipInX\u00bb][vc_column width=\u00bb1\/4&#8243; css=\u00bb.vc_custom_1769573360232{padding-top: 10px !important;padding-right: 10px !important;padding-bottom: 10px !important;padding-left: 10px !important;background-color: #ffffff !important;}\u00bb][vc_empty_space height=\u00bb7.45em\u00bb alter_height=\u00bbnone\u00bb hide_on_mobile=\u00bb\u00bb]<div id=\"sc_icons_195557151\" \n\tclass=\"sc_icons sc_icons_default sc_icons_size_small sc_align_center  vc_custom_1480279416544\"><div class=\"sc_icons_item\"><div id=\"sc_icons_195557151_icon-lock-1\" class=\"sc_icons_icon sc_icon_type_fontawesome icon-lock-1\"\n\t\t\t\t\t\t\t\t\t\t\t\t><span class=\"sc_icon_type_fontawesome icon-lock-1\"><\/span><\/div><\/div><\/div><!-- \/.sc_icons -->[vc_column_text css=\u00bb.vc_custom_1741468739521{margin-bottom: 0.75em !important;}\u00bb]<\/p>\n<h4 style=\"text-align: center;\">Manipulaci\u00f3n innovadora<\/h4>\n<p>[\/vc_column_text][vc_column_text css=\u00bb\u00bb]<\/p>\n<p style=\"text-align: center;\">Ideas innovadoras explicadas en cada proceso<\/p>\n<p>[\/vc_column_text][vc_empty_space height=\u00bb7.6em\u00bb alter_height=\u00bbnone\u00bb hide_on_mobile=\u00bb\u00bb][\/vc_column][vc_column width=\u00bb1\/4&#8243; css=\u00bb.vc_custom_1769571807228{padding-top: 10px !important;padding-right: 10px !important;padding-bottom: 10px !important;padding-left: 10px !important;background-color: #f4f4f4 !important;}\u00bb][vc_empty_space height=\u00bb7.45em\u00bb alter_height=\u00bbnone\u00bb hide_on_mobile=\u00bb\u00bb]<div id=\"sc_icons_483723168\" \n\tclass=\"sc_icons sc_icons_default sc_icons_size_small sc_align_center  vc_custom_1479686195378\"><div class=\"sc_icons_item\"><div id=\"sc_icons_483723168_icon-2\" class=\"sc_icons_icon sc_icon_type_fontawesome icon-2\"\n\t\t\t\t\t\t\t\t\t\t\t\t><span class=\"sc_icon_type_fontawesome icon-2\"><\/span><\/div><\/div><\/div><!-- \/.sc_icons -->[vc_column_text css=\u00bb.vc_custom_1741468887201{margin-bottom: 0.75em !important;}\u00bb]<\/p>\n<h4 style=\"text-align: center;\">Atenci\u00f3n al cliente<\/h4>\n<p>[\/vc_column_text][vc_column_text css=\u00bb\u00bb]<\/p>\n<p style=\"text-align: center;\">Con nuestro servicio de soporte y atenci\u00f3n al usuario, te daremos una mejor experiencia, sin dejarte solo.<\/p>\n<p>[\/vc_column_text][vc_empty_space height=\u00bb7.6em\u00bb alter_height=\u00bbnone\u00bb hide_on_mobile=\u00bb\u00bb][\/vc_column][vc_column width=\u00bb1\/4&#8243; scheme=\u00bbdark\u00bb css=\u00bb.vc_custom_1769567395303{padding-top: 10px !important;padding-right: 10px !important;padding-bottom: 10px !important;padding-left: 10px !important;background-color: #ffffff !important;}\u00bb][vc_empty_space height=\u00bb7.45em\u00bb alter_height=\u00bbnone\u00bb hide_on_mobile=\u00bb\u00bb]<div id=\"sc_icons_483838439\" \n\tclass=\"sc_icons sc_icons_default sc_icons_size_small sc_align_center  vc_custom_1480279444602\"><div class=\"sc_icons_item\"><div id=\"sc_icons_483838439_icon-hour\" class=\"sc_icons_icon sc_icon_type_fontawesome icon-hour\"\n\t\t\t\t\t\t\t\t\t\t\t\t><span class=\"sc_icon_type_fontawesome icon-hour\"><\/span><\/div><\/div><\/div><!-- \/.sc_icons -->[vc_column_text css=\u00bb.vc_custom_1769572439554{margin-bottom: 0.75em !important;}\u00bb]<\/p>\n<h4 style=\"text-align: center;\"><span style=\"color: #333333;\">Fiabilidad y puntualidad<\/span><\/h4>\n<p>[\/vc_column_text][vc_column_text css=\u00bb\u00bb]<\/p>\n<p style=\"text-align: center; color: #8f9ca6;\"><span style=\"color: #333333;\">Poder generar la confianza de que los servicios prestados, son puntuales y eficaces<\/span><\/p>\n<p>[\/vc_column_text][vc_empty_space height=\u00bb7.6em\u00bb alter_height=\u00bbnone\u00bb hide_on_mobile=\u00bb\u00bb][\/vc_column][vc_column width=\u00bb1\/4&#8243; scheme=\u00bbdark\u00bb css=\u00bb.vc_custom_1769571819545{padding-top: 10px !important;padding-right: 10px !important;padding-bottom: 10px !important;padding-left: 10px !important;background-color: #f4f4f4 !important;}\u00bb][vc_empty_space height=\u00bb7.45em\u00bb alter_height=\u00bbnone\u00bb hide_on_mobile=\u00bb\u00bb]<div id=\"sc_icons_820332462\" \n\tclass=\"sc_icons sc_icons_default sc_icons_size_small sc_align_center  vc_custom_1769572544886\"><div class=\"sc_icons_item\"><div id=\"sc_icons_820332462_icon-cup-1\" class=\"sc_icons_icon sc_icon_type_fontawesome icon-cup-1\"\n\t\t\t\t\t\t style=\"color: #92dd5c\"\t\t\t\t\t\t><span class=\"sc_icon_type_fontawesome icon-cup-1\" style=\"color: #92dd5c\"><\/span><\/div><\/div><\/div><!-- \/.sc_icons -->[vc_column_text css=\u00bb.vc_custom_1769572479145{margin-bottom: 0.75em !important;}\u00bb]<\/p>\n<h4 style=\"text-align: center;\"><span style=\"color: #333333;\">Carga Segura<\/span><\/h4>\n<p>[\/vc_column_text][vc_column_text css=\u00bb\u00bb]<\/p>\n<p style=\"text-align: center; color: #fff;\"><span style=\"color: #333333;\">Nos responsabilizamos de que sus productos se entreguen de manera segura y con documentaci\u00f3n al d\u00eda<\/span><\/p>\n<p>[\/vc_column_text][vc_empty_space height=\u00bb7.6em\u00bb alter_height=\u00bbnone\u00bb hide_on_mobile=\u00bb\u00bb][\/vc_column][\/vc_row][vc_row css_animation=\u00bbfadeIn\u00bb][vc_column width=\u00bb1\/2&#8243;][vc_empty_space height=\u00bb10em\u00bb alter_height=\u00bbnone\u00bb hide_on_mobile=\u00bb1,2&#8243;][vc_column_text css=\u00bb\u00bb]<\/p>\n<h3><\/h3>\n<h3><\/h3>\n<h2 style=\"text-align: center;\"><b>SOMOS ALIADOS COMERCIALES EN CHINA &#8211; VERIFICACI\u00d3N DE PROVEEDORES<\/b><\/h2>\n<h3 style=\"text-align: center;\"><img loading=\"lazy\" decoding=\"async\" class=\"wp-image-1966 aligncenter\" src=\"https:\/\/logictrade.co\/web_2025\/wp-content\/uploads\/2026\/01\/unnamed-300x300.jpg\" alt=\"\" width=\"203\" height=\"203\" srcset=\"https:\/\/logictrade.co\/web_2025\/wp-content\/uploads\/2026\/01\/unnamed-300x300.jpg 300w, https:\/\/logictrade.co\/web_2025\/wp-content\/uploads\/2026\/01\/unnamed-150x150.jpg 150w, https:\/\/logictrade.co\/web_2025\/wp-content\/uploads\/2026\/01\/unnamed-768x768.jpg 768w, https:\/\/logictrade.co\/web_2025\/wp-content\/uploads\/2026\/01\/unnamed-370x370.jpg 370w, https:\/\/logictrade.co\/web_2025\/wp-content\/uploads\/2026\/01\/unnamed-90x90.jpg 90w, https:\/\/logictrade.co\/web_2025\/wp-content\/uploads\/2026\/01\/unnamed-770x770.jpg 770w, https:\/\/logictrade.co\/web_2025\/wp-content\/uploads\/2026\/01\/unnamed.jpg 1024w\" sizes=\"(max-width: 203px) 100vw, 203px\" \/><\/h3>\n<p>[\/vc_column_text][vc_empty_space height=\u00bb5em\u00bb alter_height=\u00bbnone\u00bb hide_on_mobile=\u00bb1,2&#8243;][\/vc_column][vc_column width=\u00bb1\/2&#8243;][vc_empty_space height=\u00bb5em\u00bb alter_height=\u00bbnone\u00bb hide_on_mobile=\u00bb1,2&#8243;][vc_single_image image=\u00bb2116&#8243; img_size=\u00bb500&#215;500&#8243; css=\u00bb\u00bb][\/vc_column][\/vc_row][vc_column][\/vc_column][vc_column][\/vc_column]<\/p>\n<\/div>","protected":false},"excerpt":{"rendered":"<p>[vc_row full_width=\u00bbstretch_row\u00bb disable_element=\u00bbyes\u00bb css=\u00bb.vc_custom_1769782961359{background-color: #ffffff !important;}\u00bb][vc_column][vc_empty_space height=\u00bb6em\u00bb alter_height=\u00bbnone\u00bb hide_on_mobile=\u00bb\u00bb][vc_empty_space height=\u00bb8em\u00bb alter_height=\u00bbnone\u00bb hide_on_mobile=\u00bb\u00bb][\/vc_column][\/vc_row][vc_row full_width=\u00bbstretch_row_content_no_spaces\u00bb][vc_column css_animation=\u00bbflipInX\u00bb width=\u00bb1\/4&#8243; css=\u00bb.vc_custom_1769574196975{padding-top: 10px !important;padding-right: 10px !important;padding-bottom: 10px !important;padding-left: 10px !important;background-color: #f4f4f4 !important;}\u00bb][vc_empty_space height=\u00bb7.45em\u00bb alter_height=\u00bbnone\u00bb hide_on_mobile=\u00bb\u00bb][vc_column_text css=\u00bb.vc_custom_1769572628856{margin-bottom: 0.75em !important;}\u00bb] COMPRAS Y VENTAS INTERNACIONALES [\/vc_column_text][vc_column_text css=\u00bb\u00bb] Nuestro servicio de compras y ventas internacionales abarca todo el ciclo de comercio exterior, desde la identificaci\u00f3n de oportunidades de negocio hasta&hellip;<\/p>\n","protected":false},"author":1,"featured_media":1815,"parent":0,"menu_order":0,"comment_status":"closed","ping_status":"closed","template":"","meta":{"footnotes":""},"class_list":["post-21","page","type-page","status-publish","has-post-thumbnail","hentry"],"_links":{"self":[{"href":"https:\/\/logictrade.co\/web_2025\/wp-json\/wp\/v2\/pages\/21","targetHints":{"allow":["GET"]}}],"collection":[{"href":"https:\/\/logictrade.co\/web_2025\/wp-json\/wp\/v2\/pages"}],"about":[{"href":"https:\/\/logictrade.co\/web_2025\/wp-json\/wp\/v2\/types\/page"}],"author":[{"embeddable":true,"href":"https:\/\/logictrade.co\/web_2025\/wp-json\/wp\/v2\/users\/1"}],"replies":[{"embeddable":true,"href":"https:\/\/logictrade.co\/web_2025\/wp-json\/wp\/v2\/comments?post=21"}],"version-history":[{"count":190,"href":"https:\/\/logictrade.co\/web_2025\/wp-json\/wp\/v2\/pages\/21\/revisions"}],"predecessor-version":[{"id":2149,"href":"https:\/\/logictrade.co\/web_2025\/wp-json\/wp\/v2\/pages\/21\/revisions\/2149"}],"wp:featuredmedia":[{"embeddable":true,"href":"https:\/\/logictrade.co\/web_2025\/wp-json\/wp\/v2\/media\/1815"}],"wp:attachment":[{"href":"https:\/\/logictrade.co\/web_2025\/wp-json\/wp\/v2\/media?parent=21"}],"curies":[{"name":"wp","href":"https:\/\/api.w.org\/{rel}","templated":true}]}}